2656. What is the remainder when 554 is divided by g?
110
Let w(h) = -3*h**2 - 23*h - 32. Let z be w(-9). Let q = z + 246. Calculate the remainder when q is divided by 18.
16
Let y = 378 - 195. Calculate the remainder when (-267)/(-21) + 4/14 is divided by ((-6)/9)/(y/(-45) - -4).
3
Suppose -5*n = 8 + 37. What is the remainder when 201 is divided by (3/(-4))/(((-18)/(-136))/n)?
48
Let r = -508 + 192. Let n = 330 + r. Calculate the remainder when 93 is divided by n.
9
Suppose -30*b - 80*b + 2688 = 58*b. Suppose g - 329 = -4*z, 2*z - 163 + 3 = -2*g. Let m = z + -39. What is the remainder when m is divided by b?
12
Let d(p) = 83*p. Suppose -8*s + 7*s = 17. Calculate the remainder when d(2) is divided by s/((-51)/(-126))*(0 - 1).
40
Suppose -2*q - 28 = 2*q. Let a be 10 - (-4 - (q + 2)). Calculate the remainder when 38*(a/(-6))/(-3) is divided by 8.
3
Let i(x) = -x**2 - 15*x - 46. Let z be i(-13). What is the remainder when z*(-125)/20 + 6/(-2) is divided by 31?
29
Suppose 3*h - 740 = -4*i, 1230 = -90*h + 95*h + 6*i. Calculate the remainder when h is divided by 31.
23
Let z = -17947 + 17954. What is the remainder when (70/(-6) + -1)*-6 is divided by z?
6
Suppose 2*p - 2*s = 2, 3*p = -p + 2*s + 6. What is the remainder when p/17 + (474/17 - -1) is divided by 8?
5
Suppose -3*m + 5*k = 11 + 3, -k = -4. Suppose 4*p + 3*o = 6*p - 2682, -m*o = -4. What is the remainder when p/40 + 3/(-5) is divided by 9?
6
Let z(p) = 3*p**3 - 18*p**2 - 23*p + 164. Calculate the remainder when 2242 is divided by z(7).
142
Let h = -30 + 35. Let n = 3 + h. Suppose j + 4 = n. What is the remainder when 10 is divided by j?
2
Let j = -83 - 104. Let h = 235 + j. What is the remainder when h is divided by 15?
3
Let o(y) = 2*y**2 - 92*y + 485. Calculate the remainder when 683 is divided by o(43).
2
Suppose -13*q - 2442 + 2494 = 0. What is the remainder when 713 is divided by q?
1
Let t be 2*(-3)/(-2) - 0. Let a(r) = 7*r - 3. Suppose -h = 2*u - 84, -5*u = 2*h + h - 254. What is the remainder when h is divided by a(t)?
16
Let t(s) = 2*s**2 - 37 - s**2 + 39. Let j be t(2). Suppose -j*u + 14 = -160. Calculate the remainder when u is divided by 11.
7
Let h(d) = d**3 - 13*d**2 + 12*d - 89. Suppose 48 = p - 5*l + 3*l, -l - 124 = -3*p. Suppose 65 + p = 3*u. Calculate the remainder when h(13) is divided by u.
32
Let y = 156 - 31. Let q = y + -119. Calculate the remainder when q is divided by 4.
2
Let f be (-759)/(-3) - (-5 + 6). Let l = f + -166. Calculate the remainder when l is divided by 24.
14
Let r be 4/(0 + -1 - -2). Let v be (-3 + 1)*((-216)/16 + 12). Suppose -16 = -v*j + 4*y - 8*y, 0 = -r*y - 20. Calculate the remainder when 35 is divided by j.
11
Suppose 7*y - 2*y = 2615. Suppose 3*u - 2*t = -0*t + y, 3*u - 3*t - 528 = 0. Suppose 0 = 5*s - u - 49. Calculate the remainder when s is divided by 23.
21
Let m(y) = 377*y - 1497. Calculate the remainder when 1556 is divided by m(4).
5
Let j(k) = -5*k + 30*k - 3 + 0 + 10*k. What is the remainder when 2/(3/(762/4)) is divided by j(1)?
31
Let r(l) = -19*l - 88. Let z = -393 + 388. Calculate the remainder when 116 is divided by r(z).
4
Suppose c + 54 = -4*y, 4*c - y - 4*y + 174 = 0. What is the remainder when c/(-1) - 22/(-11) is divided by 2/(12/39)*2?
9
Suppose -40*z + 230 = -2130. What is the remainder when 1000 is divided by z?
56
Let p(y) = -y**3 + 5*y**2 - 3*y - 1. Let v = -884 + 596. Let h = v + 318. Calculate the remainder when h is divided by p(3).
6
Suppose -70 = 7*q - 9*q + 3*d, q + 2*d = 28. What is the remainder when 385 is divided by q?
1
Suppose -f + 128 = 2*m, -f - 232 = -3*f + 4*m. Calculate the remainder when f is divided by (11 + 16 - -7) + -6.
10
Let u(t) = -2*t**3 + 8*t**2 - 13*t - 20. Let m be u(8). Let c = -577 - m. Calculate the remainder when c is divided by 9.
5
Let p(f) = 2*f**2 + 4*f - 3. Let j(r) = -124*r + 5491. Calculate the remainder when j(40) is divided by p(-4).
11
Suppose -29*k + 42*k - 144 = -59*k. What is the remainder when 210 is divided by k?
0
Let p be (-47)/(-7) + (-2)/(-7). Let b be -3 + 3 - (-66)/(-11). Let d = p - b. Calculate the remainder when 62 is divided by d.
10
Suppose 8*q = 4 - 68. Let j = q - -40. Let d(m) = m**3 + 7*m**2 - 6*m - 11. Calculate the remainder when d(-6) is divided by j.
29
Let f(u) = u**2 - 10*u + 14. Let j be f(8). Calculate the remainder when 11 is divided by (1/j)/((-39)/390).
1
Suppose -887*a + 892*a = 25. Suppose 0 = a*b - 3*o - 2 - 23, -3*o - 5 = -b. Calculate the remainder when 25 is divided by b.
0
Let y = -1016 - -1439. What is the remainder when y is divided by (-1)/7 + (-498)/(-7)?
68
What is the remainder when (-3452)/(-14) - (-96)/(-168) is divided by 81?
3
Suppose 75 = 13*z + 2*z. Suppose -72 - 7 = -4*y - z*d, -3*y = -4*d - 36. Calculate the remainder when 298 is divided by y.
10
Let d be (-17856)/(-168) + 8/(-28). Suppose -98*x + d*x = 16. Calculate the remainder when 20 is divided by x.
0
Let k(w) = -w**3 + 10*w**2 - 113*w + 672. Let m(h) = h + 2. Let r be m(-5). Let q(l) = l**2 - 2*l + 1. What is the remainder when k(7) is divided by q(r)?
12
Calculate the remainder when 461 is divided by (-20 - -45) + 195 + 5/(-1 - -2).
11
Calculate the remainder when 357 + -3 - (6 - (0 - -1)) is divided by 150.
49
Let f = 15941 - 15870. What is the remainder when 177 is divided by f?
35
Suppose 0 = -6*u - 1532 + 566. Let x = -145 - u. Suppose 5*l - 331 = -2*q + 62, -2*l - 3*q + 166 = 0. What is the remainder when l is divided by x?
13
Suppose 16*y + 43*y - 6*y - 33019 = 0. What is the remainder when y is divided by 153?
11
Let o(y) = 30*y - 70. Suppose -3*h + 32 + 4 = 0. Suppose -5*l = -6*l + h. What is the remainder when o(3) is divided by l?
8
Let x = -10029 + 10082. Calculate the remainder when x is divided by 27.
26
Let q(y) = -3*y + 8. Let c(g) = 3*g + 14. Let f be c(-6). Let x(o) = 7*o - 17. Let k(u) = f*x(u) - 9*q(u). Calculate the remainder when 11 is divided by k(-11).
4
Let w = -1833 + 1849. What is the remainder when 533 is divided by w?
5
Let l(o) = o**3 - 59*o**2 + 263*o + 429. Calculate the remainder when 699 is divided by l(54).
36
Let p be 18975/132 - 2/(-8). Let g = -81 + p. Calculate the remainder when g is divided by 24.
15
Let n = -9983 - -10058. Calculate the remainder when n is divided by 42.
33
Suppose -4*u + 125 = 3*p + 2*p, 5*u + 25 = 0. Let z = 53 - p. Calculate the remainder when 287 is divided by z.
23
Let w be (18/(-27))/(32/(-720)). Let d be ((-290)/(-6) - 0)*3. Suppose -20*t + d = -w*t. What is the remainder when t is divided by 10?
9
Let p = 8403 - 8387. What is the remainder when 1195 is divided by p?
11
Let c be 0 - (-10)/(4/2). Suppose -c*n + 230 = -j, -7*j = n - 2*j - 20. Suppose -3866 - 30454 = -195*g. Calculate the remainder when g is divided by n.
41
Let i = 6606 - 6576. What is the remainder when 1219 is divided by i?
19
Let f be (-76)/(-10) - (-21)/(-35). Suppose -f*g - 8*g = -420. Calculate the remainder when (11/2)/(4/40) is divided by g.
27
Let i(z) be the second derivative of -z**5/20 + z**4 - 2*z**3 - 51*z**2/2 + 176*z. Calculate the remainder when 217 is divided by i(10).
14
Let o = 983 + -947. Suppose c - 147 = -40. What is the remainder when c is divided by o?
35
Suppose 112*j - 10729 = -1760 + 9735. Calculate the remainder when 2502 is divided by j.
164
Let x(l) = l + 14. Let r be x(-13). Suppose d = -4*z + 54, -2*z - r + 39 = -5*d. What is the remainder when 57 is divided by z?
1
Let b = -565 + 587. Let z(h) = h - 3. Let y be z(6). Suppose -y*m = -4*q - 169, -5*m + 3*q + 270 = -30. What is the remainder when m is divided by b?
19
Let m be ((-4)/12)/(3/54). Let h = 46 + -23. What is the remainder when h is divided by (m/8)/(6/(-24))?
2
Let x(o) = o**3 - 2*o**2 - 7*o - 18. Let h be x(10). Let r = h - 623. What is the remainder when r is divided by 17?
4
Let m(r) = -27*r - 29*r - 133 + 74*r - 29*r - 80. What is the remainder when 16 is divided by m(-20)?
2
Let u(b) = 154*b + 1537. Calculate the remainder when u(-6) is divided by 22.
19
Suppose 3*k + 0*k - 1083 = -2*h, 4*k = 2*h + 1458. Let q = -187 + k. Calculate the remainder when q is divided by 60.
56
Suppose 4*l + 689 = 2*j - 953, -j - 5*l + 849 = 0. Calculate the remainder when j is divided by 165.
4
Suppose -5*g - x = 3*x - 371, -g + 4*x + 79 = 0. Suppose -273*p 